 + 537. Let w be 26 + (5 - b - 15). Calculate the greatest common divisor of 19 and w.
19
Suppose -a + 286 = -3*c, a + 5*c - 294 = -0. Let z = -119 + a. Let y = 981 - 964. Calculate the greatest common factor of z and y.
17
Let l = -2 - -27. Let h = l - -19. Let u(b) = b**2 - b + 220. Let n be u(0). Calculate the highest common divisor of n and h.
44
Let l be (5 + 0)*(-32)/(-10). Let t be (((-68)/12)/(-17))/(1/393). Suppose 136*b = t*b + 720. Calculate the highest common divisor of l and b.
16
Let w = -7325 - -7338. Suppose -2*u + 448 = -6*u. Let i = 164 + u. What is the greatest common divisor of i and w?
13
Suppose 31*n = 25*n + 360. What is the highest common factor of 8 and n?
4
Suppose -561 = 164*c - 165*c + 6*r, -c + 519 = r. Calculate the highest common divisor of 280 and c.
35
Let f(l) = 2*l**2 + 20*l + 45. Let h be f(-7). Suppose 0 = 5*d - 4*q - 60 - 10, -h*d + 39 = -3*q. What is the highest common factor of d and 66?
6
Let a = 22770 + -21822. Calculate the highest common divisor of a and 60.
12
Let r = -5043 - -5046. What is the highest common divisor of r and 59?
1
Let k(t) = -8*t - 9. Let v be k(-6). Let n = 97245 + -97037. Calculate the highest common divisor of v and n.
13
Suppose 26*f = -32*f + 98368. What is the highest common divisor of 64 and f?
32
Suppose 0 = -2*h - 6, 4*d - 2*h - 1596 - 266 = 0. Calculate the highest common factor of 64 and d.
16
Suppose -3*j - 68 = -188. Let r be 420/40*(-160)/(-6). What is the highest common divisor of r and j?
40
Suppose 5*a + 94 = d, 4*d + 48*a = 43*a + 326. Calculate the greatest common divisor of 8 and d.
4
Let b = 5 - 3. Suppose 0 = -398*r + 421*r - 230. Calculate the greatest common factor of r and b.
2
Let x(l) = 20*l - 8. Let t be x(13). Let n(o) = -56*o**2 + 1455*o + 61. Let f be n(26). Calculate the greatest common divisor of f and t.
7
Let s be ((32/5)/(-4))/((-2)/60). Suppose -s*q = -12*q - 2160. What is the greatest common factor of 15 and q?
15
Suppose p + 3*y - 68 = 135, p - 205 = -4*y. Suppose -p = -4*m - q - 2*q, -q - 217 = -4*m. Let g = m - 49. Calculate the highest common factor of g and 44.
4
Let x be -10*8/(-48)*48. Suppose -242 = -3*a - x. What is the highest common factor of a and 27?
27
Suppose -112 = -3*t + 23. Let z be ((-4)/(-8))/(47/54990). What is the highest common factor of z and t?
45
Let c be 800/(-6)*834/(-695). Let s(i) = 13*i - 23. Let n be s(11). What is the greatest common factor of n and c?
40
Let q be (5 + (-5 - -19))*7. Let z = 135 - q. Suppose -z = -7*p + 124. Calculate the highest common factor of 6 and p.
6
Let z = 19 - -8. Let w = 6257 - 5744. What is the highest common divisor of z and w?
27
Let y be (2/(-8))/(2/12) - (-47025)/198. Calculate the highest common divisor of y and 59.
59
Let p = 14572 - 8362. What is the highest common factor of p and 15?
15
Suppose -1703 = -3*k - 5*y, 11*y + 1138 = 2*k + 15*y. Calculate the greatest common factor of 33 and k.
33
Suppose -v + 3226 = 81*k - 80*k, -2*v + 6494 = -4*k. What is the highest common divisor of v and 671?
61
Let d(v) = 61 - 3*v**2 - 27*v - 129 + 2*v**2 + 9. Let x be d(-23). What is the greatest common factor of 264 and x?
33
Suppose -325 = -5*c + 2*f + 3*f, 3*c - 175 = -2*f. Let o = c + -59. Suppose -7*v + 9 = o. What is the greatest common factor of 6 and v?
1
Let g(x) = 2*x**3 - 11*x**2 + 6*x + 9. Let p be g(5). Suppose 80 = s + 31. Calculate the highest common factor of p and s.
7
Let s = -60 + 60. Suppose 5*o - 7 - 23 = s. Let g be 438/9 - 6/9. Calculate the highest common divisor of o and g.
6
Let a = -2106 - -3038. What is the greatest common divisor of 4 and a?
4
Suppose i + 441 = -2*q - 3*q, 5*q = 5*i + 2085. Let m = -83 - i. What is the greatest common factor of m and 104?
26
Let z be 3/(-21) - (546/(-49) + 7). Let r be (24 - 20)*2/z. What is the greatest common divisor of 10 and r?
2
Let s(v) = 2*v**2 + 16*v - 56. Let z be s(10). What is the highest common divisor of 16 and z?
16
Let d be (2099 + -11 - 1) + 6*2/4. What is the highest common factor of d and 110?
110
Suppose -2*i + 14 = 4*k - 52, -3*i + 15 = 0. Let c = k + -26. Let v be (3/(c/56))/((-2)/2). What is the greatest common factor of v and 126?
14
Let o = 24637 + -23478. Calculate the highest common divisor of 171 and o.
19
Suppose -83595*i + 83477*i + 6136 = 0. Let q be (0 - -10)/(1/2). What is the greatest common factor of i and q?
4
Let a be 319 - ((-35)/5 - 13). Calculate the greatest common factor of 33 and a.
3
Let g(r) = -r**2 + 20*r - 66. Let x be g(9). Let h = 0 + 3. Calculate the highest common factor of x and h.
3
Suppose 16853 = 9*y - 5*x, -5*y + 2*x + 0*x = -9362. What is the greatest common divisor of 2691 and y?
117
Let t(m) = 51*m**2 - 7*m + 8. Let x be t(-8). Suppose -140*k = -124*k - x. What is the highest common factor of 39 and k?
13
Let p be ((-4)/6)/(150647/(-50211) + 3). Suppose -15*d = -p - 69. Calculate the greatest common divisor of 41 and d.
41
Let v be 44/(0 - -11) - -295*1. Suppose 772 + v = 3*t. Calculate the greatest common factor of 21 and t.
21
Suppose -6 = -8*c + 74. Suppose -6*l = -c*l + 468. What is the greatest common factor of l and 26?
13
Suppose 0 = 2*k, -9*i + k = -4*i + 2*k - 45. What is the greatest common divisor of 2547 and i?
9
Suppose -3*r + 3*v = -0*r - 111, -5*r = -v - 177. Suppose -k + r = 6. Suppose 161 = 4*z + k. Calculate the highest common divisor of z and 11.
11
Let t be (-5)/10 - (-5)/2. Suppose 4*o - 3 = c, 3*c + 4*o = t*o + 19. Let y be 2*(8 + -2 - 8) + 9. Calculate the highest common divisor of c and y.
5
Let w be (-327)/(-654) + 1845/6 + -2. Calculate the greatest common factor of w and 45.
9
Let d be 1/((-5)/45 - (-28)/90). Suppose -g + 165 = 4*i + 51, 5*i - 510 = -d*g. Calculate the greatest common factor of g and 28.
14
Let i(k) = -10*k + 90. Let q be i(7). Let t be (7 - (3 - 1))*1. Let u be (121/(-4) + t/q)/(-1). What is the highest common factor of 20 and u?
10
Let y = 494 + -406. Let f be (210/8)/(33/y). Suppose 4*o = -4*m + 56, -26 = -3*m + 2*m - 4*o. What is the highest common factor of f and m?
10
Let o = -5544 + 5672. Let b(h) = -h - 4. Let w be b(-4). Suppose -2*a - 3*a + 80 = w. Calculate the greatest common divisor of o and a.
16
Let t(m) = 2*m**3 - m**2 + 2*m - 3. Let f be t(3). Let z(c) = 21*c + 6. Let u be z(11). Let i = u - 165. What is the highest common factor of f and i?
24
Suppose -6*b + 734 - 464 = 0. Let z be 5/(9/(1944/b)). What is the highest common factor of 120 and z?
24
Let r be (-3)/(110/(-99) - -1). Calculate the highest common divisor of 17 and r.
1
Suppose 0 = 2*p - 1 - 9. Suppose 3*y - p*l - 70 = 0, -3*y - 5*l = -2*y + 10. What is the highest common divisor of y and 9?
3
Let y be ((-11 + 0/(-5))*-11)/1. Let n(s) = 27*s - 1. Let z be n(-2). Let g = y + z. What is the greatest common factor of 44 and g?
22
Let f(i) = 53*i**2 - 6*i + 8. Suppose 0 = x + 5*g - 16, 5*x - 5*g + 5 = -5. Let k be f(x). What is the highest common factor of 11 and k?
11
Suppose -30*v + 33*v - 204 = 0. Let f(t) = -t**3 + 16*t**2 + 59*t - 40. Let p be f(18). Calculate the highest common factor of v and p.
34
Let r be (-5)/(10/57)*6/(-9). Let y be r/(57/(-72))*(-9)/2. What is the greatest common divisor of 18 and y?
18
Let t = 6654 - 6650. Calculate the greatest common divisor of t and 358.
2
Let z(f) = -151*f + 3*f**2 - 3*f**2 + 65 + 60*f - 2*f**2 - f**2. Let j be z(-31). Calculate the greatest common factor of j and 7.
1
Let w(x) = 2 + 53*x - 31*x - 3*x - x**2. Let d be w(15). Let h = 122 - d. What is the highest common factor of h and 48?
12
Suppose 565 - 3553 = -9*i. Suppose -142*n + 146*n - i = 0. Calculate the greatest common factor of 415 and n.
83
Suppose -2462 + 2012 = -18*b. Let l = 35 - 68. Let c = -23 - l. Calculate the highest common factor of c and b.
5
Suppose 755 - 83 = 32*b. Suppose 3*p - 5*m + b = 193, -2*p - 5*m = -98. Calculate the highest common divisor of p and 4.
2
Suppose -5*c = -2*c - 6. Suppose c*z - 11 = 3. What is the highest common factor of z and 112?
7
Let l = -172 + 32. Let i = 256 + l. Calculate the highest common factor of i and 29.
29
Let f(r) = -r**3 - 80*r**2 - 158*r - 26. Let l be f(-78). What is the highest common divisor of l and 3146?
26
Let q = 76 + -71. Let l(o) = 5*o**2 - 5. Let b be l(q). Let u be 8/52 - (-930)